-2*t - 5*t + 14. Let q(z) = -19*z**2 + z + 55*z**2 + z**3 + 391 - 16*z**2 - 19*z**t. Is q(0) a prime number?
False
Let p(m) = 895*m**2 + 19*m - 77. Is p(9) composite?
True
Let i = -269079 - -464068. Is i a composite number?
False
Let c(j) = -j**3 + 7*j**2 + 7*j - 10. Let h(w) = w - 4. Let p be h(10). Let k be c(p). Let b = 181 - k. Is b prime?
True
Suppose 293*m - 383*m + 13944780 = 0. Is m a prime number?
False
Suppose 2*r + 53 = -y, 2*y = -6 - 0. Let s = r - -27. Is (29 + -27)/(s/(58/1)) prime?
False
Let u be (-12399)/(-12) - 28/(-16). Let p = u + -124. Is p a prime number?
True
Suppose -5*a + 21685 = 95055. Let x = a + 20703. Is x a composite number?
False
Let h(z) = -657*z**3 + 10*z**2 - 33*z + 3. Is h(-8) a composite number?
False
Let k(m) = 5*m + 120. Let l be k(-27). Is (-1)/(((-6)/747)/((-290)/l)) composite?
True
Suppose 0 = -2*p - p + 14973. Suppose -39*z = -46*z + p. Is z a prime number?
False
Let o = 115267 - -273538. Is o composite?
True
Let v(i) = 26*i**2 + 5*i - 2. Let z be v(-4). Let n = -2484 + 3145. Suppose h - z - n = 0. Is h composite?
True
Suppose -3*u - 3*i = -266583, 3*u + 4*i = 218546 + 48037. Is u a composite number?
False
Suppose -18*a = -6*a. Let t(q) = -11*q**2 - 13*q - 267. Let o(w) = 5*w**2 + 6*w + 133. Let r(b) = 13*o(b) + 6*t(b). Is r(a) composite?
False
Is (-3766966)/(-16) + 321/(-24) + 13 composite?
True
Is 30 - 53 - 2*-6 - -419454 a prime number?
True
Suppose -329*c = -289*c - 3726760. Is c composite?
False
Is (-36)/4 + 1*(-4410972)/(-18) prime?
False
Is ((316/237)/(2/(-1)))/(2/(-82311)) prime?
True
Let o(g) = 112*g - 2. Let m be o(22). Let x = 5043 - m. Is x composite?
True
Suppose -5*g - 129 = -2*m, -2*m - 4*g + 78 + 6 = 0. Is (-3174)/(-10) - m/130 composite?
False
Let x = 109 - 104. Suppose 4*c - x*c = -2927. Is c a composite number?
False
Let b(s) = -s**3 - 8*s**2 - 7*s + 2. Let q be b(-7). Suppose -220*r + 217*r = 1068. Is ((-12)/q + 3)*r/12 a prime number?
True
Let a(q) = q**2 - q + 5. Suppose -k - 3*k = 2*k. Let n be a(k). Suppose 5*g + n*g - 2110 = 0. Is g a prime number?
True
Let f = -1595 + 732. Suppose 134 = -3*l + 7694. Let g = f + l. Is g prime?
True
Suppose 0 = -4*p - 4, -35*g + 31*g + 5*p = -17. Suppose -5*r - 4 = -6*r, -g*r - 7482 = -3*x. Is x a composite number?
True
Let o = 5418 - 383. Suppose 4*n - 5205 = 5*v + 4868, 2*n - v - o = 0. Is n a prime number?
False
Suppose 0 = 6*a - 96354 - 6366. Let o = a + -3897. Is o a composite number?
True
Suppose -18*n + 24*n = 3978. Let t = 3812 - n. Is t prime?
False
Suppose 0 = 41*i - 37*i + 80. Let h(o) = 5*o**2 - 2*o + 19. Is h(i) a prime number?
False
Let j be (-11 - -15) + (-146)/2. Is j*88/96*(-4)/1 a composite number?
True
Suppose -51728 = 18*j - 14*j. Let k be j/(-14) - (0 + (-4)/14). Let x = 1597 - k. Is x a prime number?
True
Suppose -b - 5*k + 7009 = 2*b, -5*b + 3*k + 11727 = 0. Suppose -14*c = -26*c + 35880. Suppose -2*u = 4, c + b = 3*a - u. Is a prime?
True
Let t = 141152 + 2291. Is t prime?
True
Let g be 64*3/18*201. Let u = g - 1375. Is u composite?
False
Let q be (7 - 4) + -7 + 6. Suppose -q*h + 1763 = d, 15*d = -4*h + 12*d + 3531. Is h composite?
True
Let s(c) = 101*c + 31. Let y be s(-18). Let m = 432 + y. Is (m/2 + -3)*(1 - 3) a composite number?
False
Let p be 1 + -1 + -1 + 10 + -5. Is (-41196)/9*(-6)/p composite?
True
Is 291012/8 - (-112)/(-32) a composite number?
False
Let r(u) = u**2 + 3*u + 5. Let x be r(0). Suppose 0 = -5*v + x*g - 15, -v - g + 3 = -2. Is (-1)/(v*(-5)/10865) composite?
True
Let y = -36 - -39. Suppose 0 = -14*p + 15*p - y. Suppose p*t + 354 = 1791. Is t a prime number?
True
Suppose -13*b - 2420 = -9*b. Let y = 2850 + b. Is y a prime number?
False
Let n = -177737 - -295860. Is n a composite number?
True
Suppose -72*z + 304*z - 21900533 + 7585437 = 0. Is z a composite number?
False
Let q(r) = 8396*r**3 - 7*r**2 + 7*r + 15. Is q(2) prime?
True
Let c(z) = -z**3 - 5*z**2 - z - 3. Let k be c(-5). Let t be (-3)/(6/350) + -2. Is t*(k/30 - (-2)/(-5)) prime?
True
Let o(c) = -c**3 + 16*c**2 + 2*c - 28. Let i be o(16). Suppose u = h - 5739, 5*h - 28675 = -9*u + i*u. Is h composite?
False
Suppose -8610 = 22*y - 32*y. Suppose -y = -5*z + 4994. Is z composite?
False
Let k = 37161 - -53536. Is k composite?
False
Let k(y) = 1458*y + 7. Suppose 0 = -4*n + 5*z + 14 + 12, 3*n + z = 10. Is k(n) a prime number?
True
Let a = -22 - -27. Suppose u - 6 = -1, a*u + 10120 = 5*h. Suppose 405 = -8*n + h. Is n a prime number?
False
Suppose 0 = -4*x - 5*i + 17, 27*x - 3*i = 26*x. Let b be 0/(-2 - (-1)/1). Suppose k + u - 536 = b, -4*k + x*u + 2158 = -0*k. Is k a composite number?
True
Let i(v) = 2*v + 18. Let q be i(-11). Let o(f) = -f**2 - 6*f - 12. Let g be o(q). Is 1*380 + g + 5 composite?
True
Let b = -28 + 29. Suppose 2*x - 5*u - 284 = 0, -2*x + 279 + b = -3*u. Suppose x = 6*a - 337. Is a prime?
True
Suppose 5*l + 4*q - 951581 = 0, -32*q = -5*l - 29*q + 951623. Is l composite?
False
Let a = 1878662 + -1029201. Is a prime?
True
Suppose 0 = 5*g - 11*g + 5*g + 47219. Is g a composite number?
True
Let c(y) = y**2 + 5*y - 16. Let n be c(-6). Let f(r) = 2*r**3 + 2*r**2 + 14*r + 11. Let i be f(n). Let u = i - -5030. Is u a composite number?
True
Suppose -30 = -4*p + 2*h, 5*p - 4*h - 42 = -0*p. Suppose 3716 = p*d + 392. Suppose 2*g + m = d, 0*m - 1116 = -4*g + 2*m. Is g composite?
True
Let w = 87 - 164. Let a = -77 - w. Suppose -z + 5*m + 1827 = a, -5*z - 2*m + 6*m = -9219. Is z composite?
False
Suppose 5*t + 19320 = -4*u + 8*u, -2*u + 9658 = -3*t. Is u a prime number?
False
Suppose o = -10*o + 79739. Suppose -2*f + o = -1621. Is f a prime number?
False
Let w = -15596 + 42475. Is w prime?
True
Suppose -3*g + 165200 = 2*y, y - 82603 = 5*g - 7*g. Is y a prime number?
True
Let p(b) = -1315*b**3 + 7*b**2 + 56*b + 191. Is p(-4) a composite number?
False
Is 1/((-3)/18) + 714182/(280/20) composite?
True
Let y(s) = 478*s**2 - 44*s + 1279. Is y(-36) prime?
True
Is 126/2394 - 11262552/(-38) a prime number?
False
Let s = -37 - -39. Is (1/s)/(38/7372) a composite number?
False
Let o = -43 + 47. Suppose -5*h + 8 = o*u - u, h = 3*u - 2. Suppose 0 = 5*r + 2*f - 103, r + u = -0*r + 5*f. Is r prime?
True
Let k = 42 - 240. Let z be (-3 + (-543)/(-3))*2. Let o = z + k. Is o a composite number?
True
Let u(z) be the first derivative of z**4/3 - 7*z**3/6 + 12*z**2 - 18*z + 16. Let a(q) be the first derivative of u(q). Is a(-7) a prime number?
True
Let x(y) = y**2 - 26*y + 54. Let j be x(23). Let c(v) = -v**3 - 13*v**2 - 15*v - 40. Is c(j) composite?
True
Let k(h) = 9949*h + 1779. Is k(16) a prime number?
False
Let q = 88309 + -40686. Is q a composite number?
False
Suppose -30*c + 3*j = -31*c + 184013, -j = -2*c + 368068. Is c a prime number?
True
Let o(r) = r**3 + r**2 - 94*r + 108502. Is o(0) prime?
False
Let a(k) = -8*k**2 + 6*k - 12. Suppose -127*j = -122*j - 10. Let c be a(j). Let m = c + 91. Is m a prime number?
True
Suppose -52784 = -4*p + 4*w, 4*p + 122*w - 119*w - 52763 = 0. Is p prime?
False
Let g be -4*(-4)/9 + (-6)/(-27). Suppose p = 5*d + g - 22, -d + 10 = p. Is 2/p + (3 - (-12288)/30) a composite number?
True
Let t = -26775 - -47636. Is t composite?
True
Let b = -596 - -1137. Let m(v) = -192*v - 4. Let f be m(-4). Let q = f - b. Is q prime?
True
Let j(f) = -17820*f - 133. Is j(-5) a composite number?
True
Let c be (-5)/5 + -2 - -6. Is 1193/(-6 - (-4 - c)) composite?
False
Let p(f) = 11 + 7*f + f**3 + 8*f - 3*f + 8*f**2. Suppose -4*g + g + 7 = -23. Is p(g) prime?
True
Let z(j) be the second derivative of j**4/12 - 5*j**3/2 - 19*j**2/2 - 6*j. Let n be z(-9). Let v = n - -438. Is v a prime number?
False
Is 4431 + -2*35/(-7) prime?
True
Is 18/27*(-7 - (-1091924)/8) prime?
True
Let m(z) = 2787*z - 1774. Is m(25) prime?
True
Let c = -2272 - -2283. Let p(l) = -2 - 96*l + 260*l - 7. Is p(c) prime?
False
Suppose -4*j - q = 5, 3*j - 2*q = j + 10. Suppose j = 5*w + 4819 - 101114. Is w a composite number?
False
Let r(g) be the first derivative of -9*g + 3/2*g**2 + 4/3*g**3 + 13 + 3/4*g**4. Is r(4) a prime number?
False
Suppose 3*m + 19 = 2*v, -3*m - 11 = -v + 6. Suppose -3*s - 2*j = -218, 226 = -2*s + 5*s - v*j. Is s prime?
False
Let c be (12/(-42))/((-3)/3058881). Suppose -17*v = -448161 - c. Is v composite?
False
Suppose -2*o - 2298184 = -58*o. Is o composite?
F